{"id":204,"date":"2018-05-11T00:15:27","date_gmt":"2018-05-10T22:15:27","guid":{"rendered":"http:\/\/ghdpool.ovh\/?page_id=204"},"modified":"2023-08-03T15:08:58","modified_gmt":"2023-08-03T13:08:58","slug":"accueil","status":"publish","type":"page","link":"https:\/\/ghdpool.ovh\/","title":{"rendered":"Accueil"},"content":{"rendered":"AG du 02 septembre 2023 L&rsquo;installation de l&rsquo;aire de la finale avec \u00ab\u00a0bille en t\u00eate\u00a0\u00bb install\u00e9 &nbsp; L&rsquo;\u00e9quipe DN2 sur le podium pour la mont\u00e9e en DN1 pour la saison<a class=\"btn btn-default btn-sm\" href=\"https:\/\/ghdpool.ovh\/\">Lire la suite de <i class=\"fa fa-angle-double-right\"><\/i><\/a>","protected":false},"excerpt":{"rendered":"<p>L&rsquo;installation de l&rsquo;aire de la finale avec \u00ab\u00a0bille en t\u00eate\u00a0\u00bb install\u00e9 &nbsp; L&rsquo;\u00e9quipe DN2 sur le podium pour la mont\u00e9e en DN1 pour la saison 2023-24 Voici les m\u00e9dailles (\u00e9quipeLire la suite de<\/p>\n","protected":false},"author":1,"featured_media":0,"parent":0,"menu_order":0,"comment_status":"closed","ping_status":"closed","template":"","meta":{"_bbp_topic_count":0,"_bbp_reply_count":0,"_bbp_total_topic_count":0,"_bbp_total_reply_count":0,"_bbp_voice_count":0,"_bbp_anonymous_reply_count":0,"_bbp_topic_count_hidden":0,"_bbp_reply_count_hidden":0,"_bbp_forum_subforum_count":0,"footnotes":""},"wppr_data":{"cwp_meta_box_check":"No"},"_links":{"self":[{"href":"https:\/\/ghdpool.ovh\/index.php?rest_route=\/wp\/v2\/pages\/204"}],"collection":[{"href":"https:\/\/ghdpool.ovh\/index.php?rest_route=\/wp\/v2\/pages"}],"about":[{"href":"https:\/\/ghdpool.ovh\/index.php?rest_route=\/wp\/v2\/types\/page"}],"author":[{"embeddable":true,"href":"https:\/\/ghdpool.ovh\/index.php?rest_route=\/wp\/v2\/users\/1"}],"replies":[{"embeddable":true,"href":"https:\/\/ghdpool.ovh\/index.php?rest_route=%2Fwp%2Fv2%2Fcomments&post=204"}],"version-history":[{"count":40,"href":"https:\/\/ghdpool.ovh\/index.php?rest_route=\/wp\/v2\/pages\/204\/revisions"}],"predecessor-version":[{"id":638,"href":"https:\/\/ghdpool.ovh\/index.php?rest_route=\/wp\/v2\/pages\/204\/revisions\/638"}],"wp:attachment":[{"href":"https:\/\/ghdpool.ovh\/index.php?rest_route=%2Fwp%2Fv2%2Fmedia&parent=204"}],"curies":[{"name":"wp","href":"https:\/\/api.w.org\/{rel}","templated":true}]}}